divided by (-6)/9 - 100/(-6)?
13
Let w(d) = -11*d - 42. Let u(s) = 12*s**2 - 11*s - 6. What is the remainder when u(5) is divided by w(-6)?
23
What is the remainder when 24 is divided by 5*(-3 - 3)/(-6)?
4
Suppose 0 = 2*b + 2*p, -b - 5*p = -9*p + 20. Let o = b - -27. Let y(k) = 11*k**3 + 2*k**2 - 4*k + 3. What is the remainder when y(2) is divided by o?
22
Let a(c) be the second derivative of -c**3/6 - 6*c**2 + 4*c. Let y be a(-5). Calculate the remainder when 8 is divided by 6/(-2) + 13 + y.
2
Let t = -1 - -10. Suppose -4*p = -7*p + 12. Let k = p - -22. Calculate the remainder when k is divided by t.
8
Let y = -67 - -113. What is the remainder when y is divided by 3*-1*(3 + -7)?
10
Calculate the remainder when 3/(((-794)/(-394) + -2)/1) is divided by 5.
2
Suppose -4*x + 293 = -r, -2*r - 137 - 11 = -2*x. What is the remainder when x is divided by 19?
16
Let c be (-2)/(-3)*(7 + 3 + -1). Calculate the remainder when 57 is divided by 6/(-4)*(-20)/c.
2
Suppose -134 = -5*b + 11. Let p(r) = r**2 + 7*r + 15. What is the remainder when b is divided by p(-7)?
14
Let b(a) = 6*a**3 - 2*a**2 + 2*a + 4. Let v be b(-2). Let s = 59 + v. Calculate the remainder when s is divided by 2.
1
Suppose 10*g - 7*g = 6. Suppose 3*r + 3*b + 159 = -b, g*r + 106 = 4*b. Let q = 132 + r. Calculate the remainder when q is divided by 20.
19
Let n(z) = -z**3 - 8*z**2 - 7*z + 2. Let f be n(-7). What is the remainder when 43 is divided by (-30 - -32) + 22/(f*1)?
4
Let n(r) = 2*r**3 + 3*r**2 + 2*r + 1. Let p be n(-2). Let b(z) = -z**2 - 7*z + 9. Let s be b(p). What is the remainder when 26 is divided by 3/s*0 + 9?
8
Let p(x) = 2*x**3 - 4*x**2 - 10*x + 2. Let c be p(5). Suppose c - 184 = -d. Calculate the remainder when d is divided by 29.
24
What is the remainder when 5480/28 - (-56)/196 is divided by 17?
9
Suppose 0 = 184*z - 169*z - 150. What is the remainder when 131 is divided by z?
1
Let w be 1337/15 + 2/(-15). Suppose 11 = 5*p + d - w, 0 = 3*p + 2*d - 67. Calculate the remainder when p is divided by 10.
9
What is the remainder when 148/4*(-5 - -6) is divided by 3?
1
Suppose 24 = 2*t - 24. Suppose 445 + 605 = 15*n. What is the remainder when n is divided by t?
22
Let p(k) = 3*k**2 + 8*k - 2. Calculate the remainder when 26 is divided by p(1).
8
Suppose 10*u = 197 + 413. Let h(v) = 7*v + 8. Let f(w) = -w - 1. Let q(m) = 4*f(m) + h(m). Calculate the remainder when u is divided by q(4).
13
Suppose -64 = 411*g - 419*g. What is the remainder when 56 is divided by g?
0
Let q(a) = a**2 + 6*a - 4. Suppose 3*c = 11*c - 24. Suppose 0*s + c*s - p = 26, -3*p = 4*s - 39. Calculate the remainder when q(5) is divided by s.
6
Let d(x) = x + 77. Calculate the remainder when d(-13) is divided by 4.
0
Let z be 332/11 - (-2)/(-11). Suppose -r = -z - 328. Calculate the remainder when r is divided by 19.
16
Suppose 4*m + 186 - 18 = 0. Let c = -28 - m. What is the remainder when (-1040)/100*(-5)/2 is divided by c?
12
Let i(c) = -c**3 - 7*c**2 + 8*c + 2. Let t be i(-8). Suppose -3*m = 4*x - 37, t = -2*m + 8. Let u = x - 4. What is the remainder when 11 is divided by u?
2
Suppose 5*i - 4 = 11. Suppose 3*p - 35 = -2*b, -i*p - p + 52 = 4*b. Suppose 109 = 18*v - 179. Calculate the remainder when v is divided by p.
7
Suppose 0 = 4*i - 8 - 44. Let g(t) = -t - 22. Let r be g(-16). Let u = 31 + r. Calculate the remainder when u is divided by i.
12
Let a(f) = -f + 4. Let z(v) = -v**2 - 12*v - 23. Let n be z(-7). Suppose -9*h + 6 = -n. What is the remainder when h is divided by a(3)?
0
Suppose 14 = -r + 3*h + 2*h, -4*r + 28 = h. Let g be (-72)/((-33)/r + 4). What is the remainder when 34 is divided by (-106)/(-12) + 8/g?
7
Suppose -2*c + 4*l = -c - 30, -3*l = 3*c - 75. Suppose -2*b + 3 = -9. Calculate the remainder when ((-490)/(-15))/(4/b) is divided by c.
23
Suppose -160 = -0*w - 40*w. What is the remainder when 420 is divided by w?
0
Let g(k) = -k**3 + 7*k**2 - 8*k + 6. Let x(n) = -n**3 + 4*n**2 + 2. Let v be x(3). What is the remainder when (1 + 115)*v/44 is divided by g(5)?
13
Let f = -6 + -17. Let p = -35 - f. What is the remainder when 9 is divided by -15*((-20)/p - 2)?
4
Let o(u) be the first derivative of u**3/3 + 7*u**2 + 12*u + 6. Calculate the remainder when 106 is divided by o(-15).
25
Let q(l) = -l**3 + 4*l**2 + 14*l. Let g be q(6). Let k = 34 + g. What is the remainder when k is divided by 16?
14
Let c be (-16)/6*(-30)/4. Let x = 66 - c. What is the remainder when x is divided by 4/(-14) - (-344)/28?
10
Let b = -82 - -149. Let z = 82 - b. What is the remainder when 60 + 5/(15/(-9)) is divided by z?
12
Let i(y) = y**2 + 9*y + 5. What is the remainder when i(-12) is divided by 11?
8
Suppose -188 = -4*z + 5*u - 51, u = 3*z - 100. What is the remainder when z is divided by 23?
10
Let g(y) = y**2 - y + 54. Let w(v) = v**2 - 14*v - 9. Let a be w(13). Let q = 41 + a. What is the remainder when g(0) is divided by q?
16
Let k(g) = -g**3 - 7*g**2 - g - 1. Let i be k(-7). Suppose -3*d + 0*d + i = 0. Let s(u) = 2*u**2 + u - 1. What is the remainder when 16 is divided by s(d)?
7
Let b = -331 + 439. Calculate the remainder when b is divided by 24.
12
Let a = 3 + -1. Suppose 22 = t - 4*u, -a*t - 7 = -4*u - 47. Suppose -3*d = -2*q + 35, -4*d + 7 + 3 = 3*q. Calculate the remainder when t is divided by q.
8
Let t be (2/(-4))/((-5)/80). Let i(b) = -b**2 + 12*b - 9. Calculate the remainder when i(t) is divided by ((-18)/(-5))/(9/30).
11
Suppose 5 = j + 1. Suppose 0 = -j*x + x + 6, -l = 5*x + 12. Let k = -19 - l. What is the remainder when 6 is divided by k?
0
Suppose 2*o - 17 - 290 = -5*b, -685 = -5*o + 4*b. What is the remainder when o is divided by 16?
13
Let l = -13 + 23. Let j be (-9)/(-2) - 12/8. Suppose 5*b - 36 = j*b. What is the remainder when b is divided by l?
8
Let p be (-4)/(-7) - (-16)/(-28). Suppose p = 3*l + 4*d - 124, 3*l = 4*d + 203 - 39. Let a = l + -17. What is the remainder when a is divided by 16?
15
Suppose -4272 - 136 = -4*k. Calculate the remainder when k is divided by 69.
67
Let k(a) = 4*a + 3*a + 3*a - 9 - 11*a. Let p be k(-11). Suppose p*c - 16 = -2*c. Calculate the remainder when 10 is divided by c.
2
Let h = 1857 - 1837. What is the remainder when 2157 is divided by h?
17
Suppose -5*m = 12*m - 8211. Calculate the remainder when m is divided by 11.
10
Let l = -45 - -49. Let h(w) = -w**2 - 5*w + 7. Let y be h(-6). Suppose -a + 4*r = -y, -a - 2 = -2*a + 3*r. What is the remainder when a is divided by l?
1
Let f(x) = x**2 + x - 7. Let p be f(3). Suppose 2*y - p*z = 7*y - 360, 5*z = 5*y - 310. Calculate the remainder when y is divided by 21.
4
Suppose -5*s + 3*b = 4*b - 1, -s - 4*b - 15 = 0. What is the remainder when 8 is divided by s?
0
Let p = 2010 + -2005. Calculate the remainder when 7 is divided by p.
2
Suppose 2*b + 9*s - 7 = 4*s, 0 = 4*b + s - 59. What is the remainder when 1614 is divided by b?
14
Let y(r) = -2*r + 5. Suppose -w = 2 + 4. Suppose -4*v = -3*v - 6. What is the remainder when y(w) is divided by v?
5
Suppose 2 = -2*z + 6. Let i = 142 - 146. Calculate the remainder when 33 is divided by 6 - ((-14)/z - i).
6
Let s(b) = -b**2 + 16*b - 51. Calculate the remainder when 196 is divided by s(9).
4
What is the remainder when 71 is divided by (24/(-1))/(168/(-252))?
35
Let g be (-7)/14*(0 + 2 - 4). Let p(v) = 8*v. Calculate the remainder when 29 is divided by p(g).
5
Let s(n) = 2*n**2 - 19*n - 52. Calculate the remainder when s(-7) is divided by 46.
41
Suppose 2*m + 5*s - 19 = 0, s = 2*m - 4*s + 11. Let f = m - -9. Calculate the remainder when 41 is divided by f.
8
Suppose 0 = -k + 27 + 14. Suppose -p = 3*w + 42 + 41, -3*w - 81 = 3*p. Let j = k + w. Calculate the remainder when 25 is divided by j.
12
Suppose 56 = 4*h - 4*f - 0*f, -3*f + 77 = 4*h. Let c = 26 + -26. Let t = c + 7. What is the remainder when h is divided by t?
3
Let c = -68 - -85. Let b = -6 + -7. Let m = c + b. What is the remainder when 9 is divided by m?
1
Suppose 6*a = 159 + 381. Suppose -5*z + 15 = 0, -3*s + 0*z = z - a. What is the remainder when s is divided by 16?
13
Suppose 2*f + 150 + 26 = 0. Let j = f + 92. Suppose 0 = -3*v + g + 28, -v - 4*g - 14 = -9*g. What is the remainder when v is divided by j?
3
Let j = 120 - 103. Suppose 3*z - 4*p = 61, -2*z + z + j = -2*p. What is the remainder when 188 is 